-2*s = -4*k + 2*k + a, -4*s + 84 = 2*k. Calculate the highest common divisor of k and 17.
17
Let l be 0*(-3)/9 + 15. Suppose 0 = -3*i + l, 0 = 3*x - 5*x - 2*i + 626. Let d be 2/(-3) - x/(-21). Calculate the highest common divisor of d and 28.
14
Suppose -15*x + 7*x + 40 = 0. Suppose 4 + 36 = 5*w + 5*n, x*n = -2*w + 1. What is the greatest common divisor of w and 104?
13
Suppose 2*b = -0*b + 24. Let z be (64/b)/((-3)/(-27)). What is the greatest common divisor of 72 and z?
24
Suppose -293*k - 1645 = -298*k. Calculate the highest common divisor of k and 21.
7
Suppose -3*f + 57 - 6 = 0. Let l = f + -8. Let i(w) = w**2 - 27*w - 79. Let a be i(32). Calculate the greatest common factor of a and l.
9
Let h be 14/(-1)*23/(-2). Suppose 10 = 2*o + 2*v, -o + 14 = 7*v + 21. Calculate the highest common factor of o and h.
7
Let c = 69 + -41. Suppose -4*s = -6*s + 2*f + c, -78 = -5*s - 3*f. Calculate the greatest common factor of s and 60.
15
Let i(s) = -s**3 - 53*s**2 + 27*s**2 + 29*s**2 + 2*s. Let n be i(3). What is the greatest common divisor of 3 and n?
3
Let m(p) = -p**3 + 8*p**2 + 8*p - 3. Let c(f) = f**3 - f**2 - f. Let u(y) = 6*c(y) + m(y). Let j be u(2). Calculate the highest common factor of 392 and j.
49
Let l(i) = -429*i + 2152. Let h be l(5). Suppose w + d = 41 - 10, -3*w - 2*d + 90 = 0. Calculate the highest common divisor of w and h.
7
Suppose g + g = 2*u + 82, -4*g - 3*u = -157. Suppose 2*h = h - 3. Let z be (0 + -16)/(3/h). What is the greatest common factor of z and g?
8
Let a = 172 + -116. Suppose -3*d = -109 - a. Suppose j + 13 - 35 = 0. Calculate the highest common divisor of j and d.
11
Let i be 13*(46 - 9) + -9. What is the greatest common divisor of i and 8?
8
Let q = -63 + 118. Suppose 3*a = 2*t - q, 35 = -a - 3*t + 7*t. Let h be (a/2 - -4)*-2. What is the greatest common divisor of h and 63?
7
Suppose 2*w = 45 + 5. Suppose 3*t = -132 + 642. Let n = t + -120. Calculate the greatest common factor of n and w.
25
Let n be (2/(-4))/(-3*11/4158). What is the highest common factor of 105 and n?
21
Let z be 281/2 - ((-32)/8)/(-8). What is the greatest common factor of z and 14?
14
Let b(j) = 25*j. Let a be b(2). Let i(r) = 52*r**2 + 34*r - 20. Let u be i(3). Calculate the greatest common factor of u and a.
50
Let c(k) = k**3 - k**2 - 6*k + 6. Let i be c(4). Suppose 8*z - i = 5*z. What is the greatest common divisor of z and 60?
10
Let u = 726 - 106. Calculate the greatest common divisor of u and 40.
20
Let n be (-1)/(-2) - (-2552)/(-48)*-3. What is the highest common divisor of 5 and n?
5
Suppose -4*z - z = -4*k - 35, 2*z - 5*k + 3 = 0. What is the highest common factor of 3 and z?
1
Let o be (-149)/(-1) - (-32 + 31). Calculate the highest common factor of 66 and o.
6
Let t(s) = s**3 - 19*s**2 - 13*s - 138. Let h be t(20). What is the greatest common divisor of 256 and h?
2
Let h be -115*-1*4/20. Let i(c) = c**2 + 4*c. Let g be i(-4). Let m be g + 322/(6/3). What is the highest common factor of h and m?
23
Let w(x) = -2*x + 13. Let d be w(-11). Let g = -1287 + 2106. Let s be g/d + (-3)/(-5). Calculate the highest common divisor of s and 8.
8
Let i be (36/10)/(12/80). What is the highest common divisor of 54 and i?
6
Suppose -2*m + 9 = m. Suppose 2*o = -m*o. Let r be (1 - (0 - o))*7. Calculate the greatest common divisor of 1 and r.
1
Suppose 8 = 3*z - 2*f, -2*f = -0*z - z + 8. Suppose -3*w + z*b + 27 = -5*b, -w + 7 = -b. Suppose 3*v - 13 = -w. Calculate the highest common factor of 1 and v.
1
Let r be 3 + -3*2 + 13. Suppose 2*o + k - 142 = 0, -270 = -4*o - 2*k + 7*k. Calculate the highest common divisor of r and o.
10
Suppose 0 = 6*r - 76 - 8. Let c be -2*(-2)/4 + 55. What is the greatest common divisor of c and r?
14
Let h be 550/6 + (-16)/24. Suppose 7 = -2*a + h. What is the highest common divisor of 14 and a?
14
Let u = -21 - -21. Suppose u = 3*o + 2*o - 200. What is the highest common factor of o and 8?
8
Let r = 491 + -7. What is the highest common factor of r and 44?
44
Let v = -571 + 581. Calculate the highest common factor of v and 190.
10
Let i(a) = -21*a**2 + 18*a**2 + 18*a**2 + 31*a**2. Let u be i(-1). Let x = -20 + u. What is the highest common factor of x and 65?
13
Let t = 30 + -33. Let z be (-5)/(25/26)*15/t. Calculate the greatest common factor of z and 26.
26
Suppose -36*k - 4*t = -32*k - 84, -t = -4*k + 99. What is the greatest common factor of 128 and k?
8
Suppose -2*z + 10 = 0, 0 = -4*h + 10*z - 5*z + 87. What is the greatest common divisor of 56 and h?
28
Let n = 471 + -458. Suppose 0 = 3*i - 4*g - 339, 233 = 4*i + g - 238. Calculate the greatest common divisor of i and n.
13
Suppose -5*z + 4*p - 89 = p, 3*p + 44 = -2*z. Let s(x) = x**3 + 20*x**2 + 16*x - 25. Let v be s(z). What is the greatest common factor of 80 and v?
16
Let u be (-3)/12 - 4515/(-28). Let a be u/2 - (-3)/6. Calculate the highest common factor of a and 27.
27
Let v(m) = m**2 + 2*m - 5. Let n be v(-6). Let f = 464 - 331. What is the greatest common factor of f and n?
19
Suppose 2*o = o + 2. Suppose s = -o*s + 126. Let f be s/4*(-4)/(-3). Calculate the highest common factor of f and 70.
14
Let m(b) be the second derivative of b**3 - 4*b**2 - 12*b. Let n be m(11). What is the greatest common divisor of 232 and n?
58
Suppose 4*z - 269 = -189. What is the highest common factor of 460 and z?
20
Let w be (6 - (-4 - 24)) + -4. What is the greatest common factor of 75 and w?
15
Suppose 9*x - 1207 = 179. Calculate the greatest common factor of 14 and x.
14
Suppose 2*y = -3*p + 370, -2*p = -y - p + 190. What is the highest common factor of 47 and y?
47
Suppose -1023 = -2*f + 3395. What is the highest common factor of f and 47?
47
Let o(p) = -p**2 - 30*p + 42. Let y be o(-31). Calculate the highest common factor of 968 and y.
11
Suppose -48*b + 8828 - 1964 = 0. Calculate the highest common factor of 104 and b.
13
Let d = -742 + 521. Let h = 477 + d. What is the highest common divisor of h and 32?
32
Suppose -2*s + 5*z = -0*z + 14, 0 = 5*z - 10. Let w be ((-330)/3)/s*14/5. Calculate the highest common factor of w and 22.
22
Let n(f) = 2*f + 7. Let m be n(5). Suppose 0 = 3*b - 166 - 41. Let w be (1 - (-10)/(-5)) + b. What is the greatest common factor of w and m?
17
Suppose 7*s - 3*s + 664 = 0. Let h = s - -276. Suppose y + i - 6 = 16, 5*y = 3*i + 110. What is the greatest common factor of h and y?
22
Let l(k) = 18*k**2 - k + 2. Let s be l(2). Let g be (14/(-21))/((-2)/39). Let t = g + -5. What is the highest common factor of s and t?
8
Let t = -31 + 34. Suppose 2*v = -2*w + 92 + 480, 2*v = -t*w + 858. Calculate the highest common divisor of 26 and w.
26
Suppose 0*f - 3*f = -3*g + 447, -2*g - 5*f = -270. Suppose -4*m + 5*m = g. What is the greatest common factor of 58 and m?
29
Let c be (-2)/4 - 610/(-20). Let g be -44 + 5 + 9/(-3). Let z = -30 - g. Calculate the highest common divisor of c and z.
6
Let q be 47/((-188)/(-2520)) - 7. Calculate the highest common divisor of q and 28.
7
Suppose -5*g + 17 = -123. Let p be -16*g/(-12)*(-144)/(-14). What is the greatest common factor of 48 and p?
48
Let n(v) = 2 - 4*v - 8*v**3 + 3*v**2 + v**3 + 8*v**3 + 2*v**2. Let u be n(-5). Calculate the highest common factor of 44 and u.
22
Suppose -66 + 276 = 6*y. What is the highest common divisor of y and 5?
5
Let s(o) = -10*o - 2. Let i be s(-2). Let z = 18 - 18. Let g be 6 - (0 + z - 0). Calculate the greatest common divisor of i and g.
6
Suppose 0 = -35*r - 834 + 2794. Calculate the greatest common divisor of 644 and r.
28
Let d = -8 + -19. Let r be (5 - -1)*d/(-18). Suppose -4*s + 91 = -305. What is the greatest common divisor of r and s?
9
Let i(q) = 11*q + 231. Let s be i(-20). What is the highest common divisor of 176 and s?
11
Suppose 0 = 68*w - 40*w - 4508. What is the highest common divisor of w and 7?
7
Let m be (-4 + 0)/(1/(-5)). Suppose m + 10 = 5*a. Suppose -b + 20 = a. What is the greatest common divisor of b and 70?
14
Let k be 18*(-9)/36*(-170)/3. What is the highest common divisor of 51 and k?
51
Let k(d) be the second derivative of 11*d**4/6 - 2*d**3/3 - 3*d**2/2 - 2*d + 7. Let v be k(-1). Let b = 51 - 28. What is the greatest common factor of v and b?
23
Let v = 330 - 42. Calculate the highest common factor of 792 and v.
72
Let i(k) = k**2 - 6*k - 11. Le